t of 39969?
9
What is the thousands digit of 38077?
8
What is the thousands digit of 84022?
4
What is the units digit of 1218?
8
What is the units digit of 790?
0
What is the thousands digit of 8190?
8
What is the units digit of 7930?
0
What is the units digit of 24579?
9
What is the thousands digit of 6668?
6
What is the units digit of 3125?
5
What is the ten thousands digit of 100877?
0
What is the hundreds digit of 1366?
3
What is the units digit of 24251?
1
What is the thousands digit of 51605?
1
What is the units digit of 1118?
8
What is the tens digit of 2711?
1
What is the tens digit of 10446?
4
What is the thousands digit of 61256?
1
What is the thousands digit of 1227?
1
What is the thousands digit of 1446?
1
What is the units digit of 5581?
1
What is the hundreds digit of 3341?
3
What is the ten thousands digit of 31307?
3
What is the thousands digit of 29630?
9
What is the tens digit of 1713?
1
What is the ten thousands digit of 98872?
9
What is the tens digit of 134489?
8
What is the ten thousands digit of 16813?
1
What is the units digit of 1297?
7
What is the units digit of 2709?
9
What is the units digit of 589?
9
What is the tens digit of 44640?
4
What is the thousands digit of 13048?
3
What is the thousands digit of 115013?
5
What is the hundreds digit of 737?
7
What is the hundreds digit of 1421?
4
What is the hundreds digit of 3002?
0
What is the tens digit of 1388?
8
What is the tens digit of 10826?
2
What is the hundreds digit of 23658?
6
What is the tens digit of 16022?
2
What is the units digit of 75669?
9
What is the thousands digit of 10136?
0
What is the thousands digit of 10480?
0
What is the units digit of 1721?
1
What is the tens digit of 414?
1
What is the hundreds digit of 5220?
2
What is the units digit of 19701?
1
What is the hundreds digit of 1719?
7
What is the units digit of 1551?
1
What is the thousands digit of 10012?
0
What is the units digit of 1429?
9
What is the hundreds digit of 3619?
6
What is the hundreds digit of 96578?
5
What is the tens digit of 1788?
8
What is the units digit of 70477?
7
What is the hundreds digit of 115?
1
What is the hundreds digit of 997?
9
What is the thousands digit of 18370?
8
What is the units digit of 1389?
9
What is the units digit of 9784?
4
What is the hundreds digit of 2056?
0
What is the hundreds digit of 18553?
5
What is the hundreds digit of 50693?
6
What is the thousands digit of 6371?
6
What is the units digit of 25429?
9
What is the units digit of 13592?
2
What is the hundreds digit of 94434?
4
What is the thousands digit of 8027?
8
What is the ten thousands digit of 42324?
4
What is the thousands digit of 6425?
6
What is the units digit of 575?
5
What is the hundreds digit of 5388?
3
What is the thousands digit of 42427?
2
What is the hundreds digit of 654?
6
What is the units digit of 549?
9
What is the tens digit of 5139?
3
What is the hundreds digit of 956?
9
What is the hundreds digit of 199?
1
What is the tens digit of 792?
9
What is the units digit of 930?
0
What is the hundreds digit of 12080?
0
What is the units digit of 4348?
8
What is the units digit of 12901?
1
What is the units digit of 92657?
7
What is the thousands digit of 19833?
9
What is the tens digit of 51035?
3
What is the tens digit of 1504?
0
What is the units digit of 5987?
7
What is the thousands digit of 5016?
5
What is the units digit of 4181?
1
What is the units digit of 12935?
5
What is the units digit of 7837?
7
What is the units digit of 6660?
0
What is the thousands digit of 11872?
1
What is the tens digit of 132818?
1
What is the units digit of 50365?
5
What is the hundreds digit of 2907?
9
What is the thousands digit of 1069?
1
What is the units digit of 9546?
6
What is the units digit of 1607?
7
What is the hundreds digit of 90609?
6
What is the units digit of 6057?
7
What is the units digit of 15693?
3
What is the units digit of 85?
5
What is the units digit of 29075?
5
What is the tens digit of 673?
7
What is the tens digit of 5233?
3
What is the hundreds digit of 42500?
5
What is the hundreds digit of 7329?
3
What is the units digit of 6845?
5
What is the hundreds digit of 983?
9
What is the hundreds digit of 16442?
4
What is the units digit of 5223?
3
What is the units digit of 182?
2
What is the tens digit of 1432?
3
What is the thousands digit of 5116?
5
What is the units digit of 11244?
4
What is the units digit of 10791?
1
What is the hundreds digit of 2018?
0
What is the ten thousands digit of 34275?
3
What is the hundreds digit of 1911?
9
What is the units digit of 844?
4
What is the thousands digit of 1860?
1
What is the units digit of 486?
6
What is the hundreds digit of 4295?
2
What is the tens digit of 1050?
5
What is the thousands digit of 1276?
1
What is the thousands digit of 1152?
1
What is the tens digit of 736?
3
What is the ten thousands digit of 53646?
5
What is the hundreds digit of 88102?
1
What is the units digit of 53304?
4
What is the tens digit of 107691?
9
What is the tens digit of 105?
0
What is the tens digit of 310?
1
What is the hundreds digit of 880?
8
What is the tens digit of 4084?
8
What is the units digit of 138?
8
What is the thousands digit of 1514?
1
What is the thousands digit of 5734?
5
What is the hundreds digit of 23862?
8
What is the tens digit of 2781?
8
What is the hundreds digit of 21418?
4
What is the units digit of 968?
8
What is the units digit of 6821?
1
What is the units digit of 2307?
7
What is the thousands digit of 122750?
2
What is the tens digit of 32859?
5
What is the units digit of 864?
4
What is the ten thousands digit of 38767?
3
What is the hundreds digit of 418?
4
What is the ten thousands digit of 67839?
6
What is the hundreds digit of 2894?
8
What is the tens digit of 1588?
8
What is the units digit of 14836?
6
What is the tens digit of 3101?
0
What is the tens digit of 2757?
5
What is the hundreds digit of 1341?
3
What is the units digit of 79987?
7
What is the hundreds digit of 75285?
2
What is the hundreds digit of 25361?
3
What is the units digit of 1240?
0
What is the thousands digit of 6888?
6
What is the tens digit of 640?
4
What is the hundreds digit of 2073?
0
What is the tens digit of 9555?
5
What is the tens digit of 395?
9
What is the thousands digit of 62369?
2
What is the thousands digit of 60982?
0
What is the units digit of 1781?
1
What is the units digit of 92?
2
What is the tens digit of 190?
9
What is the hundreds digit of 1821?
8
What is the units digit of 10827?
7
What is the thousands digit of 8071?
8
What is the tens digit of 21816?
1
What is the tens digit of 5837?
3
What is the units digit of 22878?
8
What is the thousands digit of 2851?
2
What is the tens digit of 3560?
6
What is the tens digit of 5794?
9
What is the hundreds digit of 38513?
5
What is the thousands digit of 1327?
1
What is the units digit of 440?
0
What is the ten thousands digit of 15211?
1
What is the units digit of 7231?
1
What is the hundreds digit of 1404?
4
What is the units digit of 7741?
1
What is the units digit of 5511?
1
What is the units digit of 732?
2
What is the units digit of 2439?
9
What is the ten thousands digit of 22124?
2
What is the thousands digit of 2226?
2
What is the hundreds digit of 3148?
1
What is the thousands digit of 1044?
1
What is the ten thousands digit of 40190?
4
What is the hundreds digit of 471?
4
What is the ten thousands digit of 116136?
1
What is the hundreds digit of 93730?
7
What is the hundreds digit of 594?
5
What is the hundreds digit of 752?
7
What is the units digit of 2972?
2
What is the thousands digit of 56020?
6
What is the thousands digit of 1971?
1
What is the tens digit of 479?
7
What is the thousands digit of 6387?
6
What is the hundreds digit of 6560?
5
What is the tens digit of 607?
0
What is the tens digit of 169318?
1
What is the tens digit of 35818?
1
What is the units digit of 79013?
3
What is the tens digit of 4373?
7
What is the tens digit of 1638?
3
What is the hundreds digit of 137310?
3
What is the tens digit of 2401?
0
What is the units digit of 354?
4
What is the tens digit of 1171?
7
What is the hundreds digit of 870?
8
What is the tens digit of 299?
9
What is the thousands digit of 6743?
6
What is the tens digit of 15019?
1
What is the hundred